*f = -6*f + 8. Suppose 2*s - l - 5 = 0, l + f = -1. Let q be (-2 - (0 - s)) + 6. Let j(c) = c**3 - 5*c**2 + c - 7. Give j(q).
-2
Let m be ((-8)/(-4))/((-45)/(-12) - 4). Let p(d) = d**2 + 8*d + 10. Calculate p(m).
10
Let f(k) = -2*k**3 + k**2 + 4*k - 3. Suppose -4 = -r - r. Suppose -r*u + 6*u = 0. Let p be -1 + 1 + u - -2. Calculate f(p).
-7
Let z(a) = -7*a**3 - 6*a**2 + 6*a - 6. Let k(d) = 8*d**3 + 7*d**2 - 7*d + 7. Let g(o) = -6*k(o) - 7*z(o). Suppose -23*w + 16 + 7 = 0. Give g(w).
1
Let w be 25/(-10)*8/(-10). Let u(k) = 0 + k**w + 1 - 5*k**2 + 0. Calculate u(1).
-3
Let q(m) be the first derivative of m**7/840 + m**3 + 1. Let h(z) be the third derivative of q(z). Suppose 1 = 2*i - a, -3*i = -0*a + 5*a + 5. Give h(i).
0
Let o(u) = u**3 - 5*u**2 + 5. Suppose -1 = -a - 0*a. Let l be 1 - 1/(1/a). Suppose 0 = -l*v - 5*v + 25. What is o(v)?
5
Let v = 1 - -3. Let n(a) = -a**3 + 2*a + 1. Let i be 209/77 - 4/(-14). Let j(f) = f**3 + f**2 - f - 2. Let w(m) = i*j(m) + v*n(m). Determine w(4).
2
Let g(x) = x**2 + 1. Let z = 1 + 2. Let k(y) = -2*y**2 - 8*y + 5. Let a(o) = z*g(o) + k(o). Let s be a(6). Let j(t) = t + 5. What is j(s)?
1
Let n(t) = -t**3 - 5*t**2 + t - 2. Suppose 2*h + 2 = 4*a, -h - 2*h - 3 = -5*a. Suppose 0 = -4*k + 4*r - 4 - a, r = 5*k + 1. Suppose k = -g - 2 - 3. Give n(g).
-7
Let s(n) = n**3 + 5*n**2 + 7*n + 4. Let m(t) = 2*t + 3 - t - 1 - 3*t. Let r be m(3). Calculate s(r).
-8
Let t(u) be the second derivative of u**4/12 - 11*u**3/6 + 4*u**2 - u + 1. Calculate t(9).
-10
Let k = -10 + 16. Let t(q) = 3 + k*q**2 - q - 3. Let r = -2 - -1. Give t(r).
7
Let t(m) be the second derivative of m**4/12 - m**3/3 + m**2 + m. Suppose -4*c + 3 = -3*v, v + 5 = 4*c - 4. Determine t(v).
5
Let k(i) = i**2 + 2*i - 1. Let d be k(-3). Let h(j) be the third derivative of j**6/120 - j**4/24 + j**3/6 + 19*j**2 + j. Determine h(d).
7
Suppose -3*f - 12 = f. Let w(t) be the first derivative of -2*t**3/3 - 2*t**2 + t - 3. Calculate w(f).
-5
Let q(y) = y**3 - y + 3. Let z(c) = -c. Let x(n) = -q(n) + z(n). Let g = -778 - -778. Give x(g).
-3
Let c(w) be the first derivative of -w**4/4 + w**3/3 + w**2/2 - 4*w - 7. Suppose 0 = 3*v - 0*v. What is c(v)?
-4
Let k(f) = -2*f - 7*f + 2*f + 1. Let d = -37 - -25. Let g = -11 - d. Give k(g).
-6
Let w(k) be the second derivative of -5*k**3/6 + k**2/2 - 4*k + 2. Calculate w(1).
-4
Let t be (-3)/((-3)/(-1))*-2. Suppose t*y - 27 = -5*s, 9 = s - y + 5*y. Let u(x) = 2*x + s - 4 + 0. What is u(-5)?
-9
Let n(o) = -2*o**2 - 2*o + 2. Let k be (4 - 3)*2*-1. Let z be -4*1*(k + 0). Suppose -2*t - 2*t - z = 0. Determine n(t).
-2
Let f(d) be the second derivative of -1/20*d**5 + 0 + 1/2*d**3 - 5/2*d**2 + 1/4*d**4 - 2*d. Determine f(4).
-9
Suppose 8*q - 20 = -2*q. Let m(k) = -3*k + 1. Calculate m(q).
-5
Let r(l) = -7*l. Let d(c) = 48*c. Let y(m) = -4*d(m) - 27*r(m). Give y(-4).
12
Let y(x) = -11*x + 1. Let u(m) = 5*m. Let k(z) = -13*u(z) - 6*y(z). Let g(o) = 3*o - 17. Let d(h) = -4*g(h) + 11*k(h). Calculate d(4).
-2
Let r(b) = -7*b - 9. Let q(v) = -3*v - 4. Let x(o) = -5*q(o) + 2*r(o). Determine x(-3).
-1
Suppose 4*h = 8*h + l - 13, -h + 4*l = 18. Let k(b) = b**3 + 2*b - 1. Calculate k(h).
11
Let u(z) = 19*z. Suppose 2*d + 0 = -6. Let m be u(d). Let o be 2/8 - m/12. Let i(y) = y**2 - 5*y - 1. Give i(o).
-1
Let y(n) = -n - 14. Let f(d) = d + 7. Let b(v) = -5*f(v) - 3*y(v). Calculate b(6).
-5
Let c(p) = 3*p**3 - 2*p - 3. Let s(z) = -6*z**3 + 5*z + 7. Let a(x) = -7*c(x) - 3*s(x). Let q(w) = -2*w + 3. Let u be q(2). What is a(u)?
4
Let j = -1 + -2. Let z be 6/j*1/(-2). Let f(p) = p**2 + 5*p - 1. Let s(x) = 3*x**2 + 11*x - 2. Let u(l) = -5*f(l) + 2*s(l). Calculate u(z).
-1
Let n(c) = -4*c + c**3 + 8 + 2*c**2 + 3*c - 8. What is n(-2)?
2
Let t(w) = w + 12. Let v be t(-8). Let u(o) = 4*o - 4*o - 3 + v*o + o. Determine u(4).
17
Let y be (-36)/(-12) + -1*3. Let v be (-23)/(-7) - (-4)/(-14). Let g(p) = -2*p**2 + v*p - 4*p + p**2 + 10. Give g(y).
10
Let j be 4*(2 - (-12)/(-8)). Let c(g) be the third derivative of 0*g - g**2 - 1/24*g**4 + 0 - j*g**3. Determine c(-6).
-6
Let y(c) = c**3 + 10*c**2 + 9*c + 10. Let w(l) = l**3 + 16*l**2 + 16*l + 6. Let r be w(-15). Determine y(r).
10
Let h = 32 + -28. Let u be 2/4 - 15/(-6). Let i(x) = 2*x**3 + 5*x**2 - x**3 - 2*x**u - 6*x. What is i(h)?
-8
Let n(c) = c**3 - 5*c**2 + 5*c + 4. Let x be n(4). Let r(f) = -f**3 + 9*f**2 - 7*f - 11. Let a be r(x). Let u(i) = 2*i - 1. Give u(a).
-7
Let y(o) be the third derivative of o**6/120 - o**5/20 + o**4/24 - o**3/6 - 36*o**2. Suppose 12 = 4*m - 0. Give y(m).
2
Let m(a) = a + 2. Let u(y) = y + 1. Let f(d) = 2*m(d) - u(d). Determine f(0).
3
Let c(i) = -3*i + 4. Let u(b) = 9*b - 11. Let m(t) = -17*c(t) - 6*u(t). Let g(n) = -n**3 + 4*n**2 - n - 4. Let v be g(3). Let d = 0 + v. Determine m(d).
-8
Let t(p) = p**2 - 3*p - 1. Let i be (6 - 0)/3 + -4. Let q = i - -4. Suppose 3*g = q*a - 18, g - 2*g = -2*a + 10. Give t(a).
-1
Let q(v) = -v**2 - 7*v - 5. Let x(y) = -7*y**2 - 3*y + 3. Let w be x(1). Calculate q(w).
-5
Let c(f) be the third derivative of -f**8/20160 - f**7/1680 - f**5/30 + f**2. Let b(v) be the third derivative of c(v). Suppose -12 = 2*j + j. Give b(j).
-4
Let g(s) = -s - 2. Suppose -a + 13 = 5*i, -2*a + 1 = -i + 8. Let t be -1 - (1 + -1 + i). Let h be 1*t - 8/(-4). Determine g(h).
0
Suppose -x - c = 4*x - 18, 0 = x + 2*c. Let p(g) = -g + 3. What is p(x)?
-1
Let h(u) = 1. Let b(w) = w**2 + 2*w + 4. Let t(v) = -b(v) + 3*h(v). Give t(-2).
-1
Let v = 49 + -46. Let c(m) = -m**2 + 2*m + 1. Give c(v).
-2
Suppose -c = c. Let g(f) = 1 + 4*f + c - 2 + 4 - 2*f**2. What is g(4)?
-13
Let m(j) = 2*j - 4. Suppose 2*d + 3*d - 10 = 0. Suppose -2 + 4 = -d*q - 2*x, 0 = -3*q + 3*x + 27. Determine m(q).
4
Let v(m) = -4*m + 59*m**3 - 60*m**3 + m**2 + 3 + 2*m. Determine v(2).
-5
Let n = 67 - 45. Suppose -3*h + n = 5*y, 0 = 5*h + 5*y - 2*y - 26. Let g(s) = s**2 - 2 - 2*s**2 - h. What is g(0)?
-6
Let b = 9 + -2. Let k(f) = -f**3 + 8*f**2 - 6*f - 4. Give k(b).
3
Let o(h) be the third derivative of -5*h**4/12 - h**3/6 - 16*h**2. Give o(-1).
9
Let y(v) be the first derivative of -v**2/2 + 10*v + 2. Let k be y(7). Suppose s = k*s. Let c(i) = -i + 6. Calculate c(s).
6
Let f(d) = d**2 - 2*d - 3. Suppose -t - 110 = -6*t. Let k = -1 + -11. Let z be k/66 - 40/t. Give f(z).
5
Let n(h) = -2*h - 11. Let l be n(-8). Let v(x) = -3 - x - x + 0*x + l. What is v(5)?
-8
Let i(p) = p**2 - 6*p - 8. Let n(k) = -k**3 + 5*k**2 + 6. Let f be n(5). Determine i(f).
-8
Suppose 7*w - 4 = 3*w. Let i = 182 - 33. Let p(v) = -149 - 6*v + i. Give p(w).
-6
Let i(v) = 6*v + 7*v - 7*v + v**3 + 5*v**2 + 3. Suppose 9 = -3*z + b, 5*z = -3*b - 15 - 14. Calculate i(z).
-5
Let y(o) be the second derivative of o**4/4 - o**2/2 + 11*o. Give y(-2).
11
Let r(h) = h**3 + h**2 + 4. Suppose 0*p + 2*p = 0. Calculate r(p).
4
Let r(z) = z - 8. Let m = 13 + -11. Suppose 2*y - 10 = m. Determine r(y).
-2
Let q(y) be the third derivative of -y**4/8 - y**3/6 - 4*y**2. Determine q(2).
-7
Let t(j) = -j**2 + 2*j + 2. Let d be (-69)/(-21) + (-4)/14. Let w be 138 + 4/(-6)*d. Let v be w/36 - (-4)/18. Calculate t(v).
-6
Let f be 6 - (-1)/(1/(-4)). Let x(y) = 2*y**3 - 2*y**3 + 2*y**2 - y**3 + y. What is x(f)?
2
Let o(n) = n. Let p(l) = 5*l - 3. Let c(q) = 4*o(q) - p(q). Determine c(-3).
6
Let u(r) = r**2 + r + 1. Let n be u(-2). Let p(j) = -2*j**2 + 21*j + 3. Let d(o) = -o**2 + 11*o + 2. Let w(t) = 11*d(t) - 6*p(t). What is w(n)?
-2
Let h(l) be the first derivative of -11*l**5/120 + l**4/24 - l**3 + 4. Let q(j) be the third derivative of h(j). Determine q(1).
-10
Let j(c) be the first derivative of 1/4*c**4 + 1/2*c**2 + 0*c**3 - c + 3. Calculate j(1).
1
Let i(g) be the third derivative of 0*g + 2/3*g**3 + 0 + 3*g**2 - 1/4*g**4 + 1/60*g**5. Suppose 7 + 3 = 2*n. Calculate i(n).
-1
Suppose 2*q = 4*q. Suppose 0 = 5*u - u - 12. Let z(g) = q*g - 2*g + 3*g + u*g. What is z(1)?
4
Let c(m) = -m - 3. Suppose -5*t + f = 117, 0*t = -t + f - 21. Let y be (-16)/t*9/(-1). Give c(y).
3
Suppose -z = 5*j - 31, -6*j - 3*z = -2*j - 27. Let d(f) = f**3 - 7*f**2 + 8*f + 4. Calculate d(j).
16
Let h(p) = 13*p + 10. Let j(v) = -9*v - 7. Let x(s) = 5*h(s) + 7*j(s). Calculate x(-4).
-7
Let x(a) = -5*a**2 + a + 8. Suppose -2*i = -f - 15, 0*f - 2*i + 24 = -2*f. Let g = f + 0. Let k(w) =